he prime factors of 14943220?
2, 5, 747161
What are the prime factors of 12903673?
157, 82189
List the prime factors of 31819.
47, 677
List the prime factors of 6064145.
5, 113, 10733
List the prime factors of 1908032.
2, 7, 4259
List the prime factors of 499817.
17, 29401
What are the prime factors of 59754?
2, 3, 23, 433
What are the prime factors of 42008?
2, 59, 89
List the prime factors of 245349.
3, 13, 233
What are the prime factors of 3233137?
41, 78857
List the prime factors of 12136.
2, 37, 41
What are the prime factors of 6354929?
7, 241, 3767
What are the prime factors of 97855?
5, 19571
List the prime factors of 650036.
2, 101, 1609
List the prime factors of 1705119.
3, 13, 43721
What are the prime factors of 114873?
3, 11, 59
What are the prime factors of 1114223?
11, 101293
List the prime factors of 4684682.
2, 461, 5081
What are the prime factors of 181230?
2, 3, 5, 7, 863
List the prime factors of 26657550.
2, 3, 5, 59239
What are the prime factors of 2749584?
2, 3, 57283
List the prime factors of 2382291.
3, 29411
What are the prime factors of 11719689?
3, 3906563
What are the prime factors of 2668204?
2, 7, 11, 8663
What are the prime factors of 3259015?
5, 651803
List the prime factors of 16191017.
727, 22271
List the prime factors of 461115.
3, 5, 10247
List the prime factors of 2957228.
2, 739307
List the prime factors of 293816.
2, 19, 1933
What are the prime factors of 5972727?
3, 421, 4729
List the prime factors of 3167794.
2, 7, 19, 11909
What are the prime factors of 304836?
2, 3, 7, 19, 191
What are the prime factors of 102940?
2, 5, 5147
List the prime factors of 83326.
2, 61, 683
What are the prime factors of 298688?
2, 13, 359
List the prime factors of 241321.
241321
List the prime factors of 22283918.
2, 23, 71, 6823
What are the prime factors of 848627?
13, 29, 2251
What are the prime factors of 12005035?
5, 7, 71, 4831
What are the prime factors of 254014?
2, 17, 31, 241
List the prime factors of 38544.
2, 3, 11, 73
List the prime factors of 192325.
5, 7, 157
What are the prime factors of 170521?
13, 1009
What are the prime factors of 504860?
2, 5, 25243
List the prime factors of 5313923.
89, 59707
What are the prime factors of 424040?
2, 5, 10601
What are the prime factors of 26792794?
2, 7, 1301, 1471
List the prime factors of 213102.
2, 3, 11839
What are the prime factors of 1470867?
3, 229, 2141
What are the prime factors of 412334?
2, 13, 15859
What are the prime factors of 165594?
2, 3, 11, 13, 193
List the prime factors of 909982.
2, 454991
What are the prime factors of 9564645?
3, 5, 53, 227
What are the prime factors of 11105888?
2, 347059
List the prime factors of 24186599.
24186599
List the prime factors of 292937.
457, 641
List the prime factors of 3180246.
2, 3, 530041
What are the prime factors of 2286845?
5, 11, 41579
List the prime factors of 189023.
17, 11119
What are the prime factors of 19539472?
2, 73, 16729
What are the prime factors of 882571?
882571
What are the prime factors of 144390?
2, 3, 5, 4813
List the prime factors of 15255.
3, 5, 113
List the prime factors of 2818061.
19, 71, 2089
List the prime factors of 297952.
2, 9311
List the prime factors of 1627018.
2, 761, 1069
List the prime factors of 1142014.
2, 19, 41, 733
What are the prime factors of 248608?
2, 17, 457
What are the prime factors of 232993?
151, 1543
What are the prime factors of 3637562?
2, 1818781
What are the prime factors of 50106?
2, 3, 7, 1193
List the prime factors of 2589696.
2, 3, 281
List the prime factors of 3349725.
3, 5, 59, 757
List the prime factors of 120054.
2, 3, 11, 17, 107
List the prime factors of 12376819.
7, 13, 43, 3163
List the prime factors of 136543.
11, 12413
What are the prime factors of 1907220?
2, 3, 5, 7, 19, 239
What are the prime factors of 152672?
2, 13, 367
What are the prime factors of 3348967?
83, 157, 257
List the prime factors of 5310639.
3, 590071
What are the prime factors of 11908731?
3, 113, 35129
List the prime factors of 15522810.
2, 3, 5, 19, 113, 241
List the prime factors of 18004198.
2, 193, 46643
List the prime factors of 464786.
2, 7, 33199
List the prime factors of 2871416.
2, 151, 2377
List the prime factors of 2819930.
2, 5, 281993
List the prime factors of 1251938.
2, 625969
List the prime factors of 11373046.
2, 29, 196087
List the prime factors of 172636.
2, 43159
What are the prime factors of 3331118?
2, 7, 19, 1789
What are the prime factors of 796894?
2, 7, 56921
What are the prime factors of 7612137?
3, 13, 7229
What are the prime factors of 402308?
2, 43, 2339
What are the prime factors of 12766886?
2, 11, 23, 1097
List the prime factors of 721358.
2, 11, 32789
What are the prime factors of 242578?
2, 7, 17327
List the prime factors of 10302904.
2, 163, 7901
What are the prime factors of 464733?
3, 51637
What are the prime factors of 258305?
5, 19, 2719
List the prime factors of 2244130.
2, 5, 7, 32059
List the prime factors of 7749354.
2, 3, 37, 67, 521
What are the prime factors of 246743?
7, 101, 349
What are the prime factors of 508319?
7, 72617
List the prime factors of 940559.
17, 61, 907
What are the prime factors of 4832172?
2, 3, 134227
What are the prime factors of 2427469?
11, 73, 3023
List the prime factors of 188759.
31, 6089
What are the prime factors of 1277670?
2, 3, 5, 42589
What are the prime factors of 3624704?
2, 14159
List the prime factors of 395898.
2, 3, 65983
What are the prime factors of 2766322?
2, 13, 106397
List the prime factors of 6750167.
6750167
What are the prime factors of 99146?
2, 89, 557
What are the prime factors of 2116237?
53, 39929
List the prime factors of 15640830.
2, 3, 5, 53, 1093
List the prime factors of 1138910.
2, 5, 113891
What are the prime factors of 1631960?
2, 5, 11, 3709
List the prime factors of 937750.
2, 5, 11, 31
List the prime factors of 15954295.
5, 7, 23, 19819
List the prime factors of 7811253.
3, 449, 1933
List the prime factors of 205317.
3, 7, 3259
What are the prime factors of 19734553?
97, 203449
What are the prime factors of 3804145?
5, 113, 6733
List the prime factors of 1388695.
5, 7, 11, 3607
What are the prime factors of 46354?
2, 7, 11, 43
What are the prime factors of 357026?
2, 178513
What are the prime factors of 127233?
3, 67, 211
List the prime factors of 785776.
2, 67, 733
What are the prime factors of 388324?
2, 97081
What are the prime factors of 5200807?
43, 79, 1531
What are the prime factors of 2081604?
2, 3, 7, 24781
List the prime factors of 708178.
2, 317, 1117
What are the prime factors of 7533000?
2, 3, 5, 31
What are the prime factors of 4389593?
13, 337661
List the prime factors of 22856517.
3, 17, 31, 61, 79
List the prime factors of 1869430.
2, 5, 71, 2633
What are the prime factors of 9831737?
9831737
What are the prime factors of 309026?
2, 17, 61, 149
What are the prime factors of 759832?
2, 17, 37, 151
List the prime factors of 587516.
2, 191, 769
List the prime factors of 22865327.
3163, 7229
List the prime factors of 2607311.
7, 372473
List the prime factors of 88340.
2, 5, 7, 631
What are the prime factors of 2647824?
2, 3, 55163
List the prime factors of 8282594.
2, 19, 211, 1033
List the prime factors of 2554449.
3, 23, 37021
List the prime factors of 2029458.
2, 3, 409, 827
List the prime factors of 1765199.
1237, 1427
What are the prime factors of 2653986?
2, 3, 631, 701
List the prime factors of 27115745.
5, 239, 22691
List the prime factors of 32776579.
11, 31, 277, 347
List the prime factors of 1831685.
5, 37, 9901
List the prime factors of 303272.
2, 167, 227
What are the prime factors of 231229?
31, 7459
What are the prime factors of 161797?
137, 1181
What are the prime factors of 2593833?
3, 11, 83, 947
List the prime factors of 333908.
2, 83477
List the prime factors of 19744439.
11, 13, 19, 43
List the prime factors of 496739.
317, 1567
What are the prime factors of 64414?
2, 7, 43, 107
List the prime factors of 895075.
5, 35803
What are the prime factors of 19212781?
7, 19, 7603
What are the prime factors of 2375703?
3, 11, 19, 421
What are the prime factors of 1911608?
2, 43, 5557
List the prime factors of 24537146.
2, 12268573
List the prime factors of 3714.
2, 3, 619
List the prime factors of 233631.
3, 17, 509
What are the prime fac